be o(-2). Let c be 1/(-2) - 155/(-62). Let w(x) = -5 + 7*x**c + 1 + 6*x + x**3 - 12*x**2. What is w(p)?
4
Let i(x) = -x**2 - 4*x - 3. Suppose -4*f + o + 101 = 0, 0 = o + o - 6. Suppose -5*c - 6 = -f. Suppose 0 = -q - c - 2. What is i(q)?
-15
Let s(w) = w + 1. Let d(y) = y**2 + 2*y + 3. Let u be d(0). Suppose -2*m - u*m = 0. Suppose m = -4*k - 0*k. Give s(k).
1
Let m(v) = -4*v**3 - v. Let u(i) = -19*i**3 + 10*i**2 - 8*i - 16. Let s(r) = -5*m(r) + u(r). Give s(-10).
14
Let d(y) = 4*y + 20. Let p(z) = -z - 5. Let u(l) = -2*d(l) - 9*p(l). Let g = -166 + 61. Let b = g + 101. Give u(b).
1
Let n(q) = q**2 + 5*q - 9. Let s(w) = 30*w - 792. Let j be s(26). Determine n(j).
75
Let a(z) = -z**3 - 3*z**2 + 3*z + 2. Let s(n) = -n**2 + 1. Let g(d) = -a(d) - s(d). Calculate g(-2).
11
Let l(i) = i**2 - 3*i**2 + 2*i - 3 - 5*i + 3*i**2. Suppose -u - 30 = -6*u. Suppose -u*f - 8 = -2*f. What is l(f)?
7
Let o(a) = a**2 + a - 7. Suppose 5 = -2*z - 1. Let w be o(z). Let r(h) = h**3 + h**2 - 1. Determine r(w).
-1
Let s(c) = 127*c**2 - 2 - 98*c**2 - 2*c + 7 - 6. Calculate s(-1).
30
Let z(y) = 4 - 3 + 4 + y**2 + 7*y. Suppose 6*s - 24 = -0*s. Suppose -p = -s*i - 32 + 9, -5*i - 4*p = 34. Determine z(i).
-1
Let s(u) be the third derivative of 0*u - 1/6*u**3 + 9*u**2 + 0 - 1/12*u**4. Let h = -3 + 2. What is s(h)?
1
Let a be -2 - 1 - (-630)/3. Let w(j) = -204 - 3*j - 6*j**2 + a + j**3 - 2*j**3. Give w(-5).
-7
Let v(i) be the first derivative of -2*i**3 - 1/24*i**4 + 1/15*i**5 + 0*i**2 + 0*i - 1/360*i**6 - 4. Let h(b) be the third derivative of v(b). What is h(6)?
11
Let o = 1273 - 1280. Let j(s) = s - 1. Let x(c) = -c**2 - 4*c - 4. Let p be (-3)/(-4) - (-2)/8. Let i(w) = p*x(w) - 4*j(w). What is i(o)?
7
Suppose 0 = 3*d - u + 3, 0 = -3*d + 3*u - 9. Suppose d = 2*r + 2*r - 4. Let s be (1/2)/(r/14). Let z(p) = p**3 - 6*p**2 - 9*p + 8. What is z(s)?
-6
Let k(b) = 9*b - 3. Let r(z) = -21*z + 10. Let l(m) = -8*k(m) - 3*r(m). What is l(-5)?
39
Suppose 0 = a - 22 + 15. Let b(j) = 2*j - a*j + 2 + 5*j - 2*j. Determine b(-2).
6
Let q(f) = f + 1. Let k(l) = -l**2 - 10*l - 8. Let z(j) = -k(j) - 4*q(j). Give z(-6).
4
Let m = 340 - 338. Let b(g) be the second derivative of -1/6*g**3 + 0 - 1/2*g**m - 1/12*g**4 + 6*g. Give b(-2).
-3
Let w(h) = 34*h**2 - 9*h + 14. Let k(z) = 23*z**2 - 9*z + 14. Let f(g) = 3*k(g) - 2*w(g). Calculate f(7).
0
Suppose 0 = -3*t + 2*u - 1 - 1, 3*u = 2*t + 8. Let a = t - -4. Let y(c) = -c + 7. Let o be y(a). Let x(i) = 3*i**3 + 2*i**2 - i. Give x(o).
4
Let c(y) = y - 9. Let k = 91 + -53. Let g = 38 - k. What is c(g)?
-9
Let i(s) be the second derivative of 1/12*s**4 + 4*s**2 + 6*s - 7/6*s**3 + 0. What is i(6)?
2
Let c(l) be the second derivative of 19*l - 1/2*l**2 + 0 + 5/2*l**3. Let t(j) = -j + 2. Let i be t(3). Give c(i).
-16
Let j(n) = n**2 - 8*n - 4. Let w(s) = -s**2 + 18*s - 23. Let i be w(16). Let v be (-1*i)/((-33)/22). Give j(v).
-16
Let y(a) = a**2 + 3*a - 1. Suppose 4*k - k - 5 = 5*w, -13 = -4*w - k. Suppose i + 3*i = r - 13, -w*r - 18 = 3*i. Determine y(r).
-1
Let t(u) = u**3 - 3*u**2 - 2*u - 2. Let q be ((-1 - 0) + -1)/1. Calculate t(q).
-18
Let h(t) = 17*t - 5. Let y(s) = 38*s - 9. Let i(w) = -9*h(w) + 4*y(w). What is i(4)?
5
Suppose -14 = -l - 4*b, 3*b + 15 = 5*l - 9. Let q(u) = -u**3 + 5*u**2 + 5*u + 5. Give q(l).
-1
Suppose -4*i - i - 4*x = -177, 0 = 4*i + 5*x - 138. Suppose -67 = -2*w + i. Let a(l) = 4 - 50*l - 2 + w*l. Calculate a(-3).
-4
Let z(q) = -q**3 + 10*q**2 - 14*q + 7. Let i be 6/(7/(126/12)). What is z(i)?
-38
Let y(f) = -2 - 4*f + 1278*f**2 - 1282*f**2 - 3*f**3 + 4 + 2*f**3. Give y(-4).
18
Let v(f) be the second derivative of -f**5/24 + f**4/24 - 2*f**3/3 - 10*f. Let z(n) be the second derivative of v(n). Calculate z(2).
-9
Let z(b) be the second derivative of b**5/20 + 7*b**4/12 + b**3 + 4*b**2 - b - 237. Give z(-6).
8
Let r(t) = 2*t + 3 - 7 + 4. Determine r(1).
2
Let r = -2 - -4. Suppose v + r = 7. Let z(o) = -15*o + v + 13*o + 1. Calculate z(6).
-6
Suppose -918*v + 910*v = -104. Let j(w) = -w**3 + 12*w**2 + 13*w - 1. Give j(v).
-1
Let w(n) = n**3 + 7*n**2 - 6*n + 9. Let m = 66 + -41. Suppose 3*c + d - 1 = -m, -32 = 4*c + d. Calculate w(c).
-7
Let a be 70/10 + (-2 - -5). Let g(h) = -2*h**2 + 22*h - 25. What is g(a)?
-5
Let t(d) = 4*d**2 + 5*d + 3. Let m(y) = -3*y**2 - 6*y - 3. Let s(i) = -3*m(i) - 2*t(i). Let q = 20 + -27. What is s(q)?
-4
Let z(j) = -950*j + 3803. Let m be z(4). Let y(n) = 15*n**3 + 3*n**2 + 8*n. Let a(i) = 7*i**3 + i**2 + 4*i. Let r(p) = 13*a(p) - 6*y(p). Calculate r(m).
-6
Let c(v) = v**2 + 5*v - 13. Let f be c(-6). Let x(b) = 3 + 6*b + 1 - 9 + b**2. Calculate x(f).
2
Let l be ((-6)/12)/((-3)/(-36)) - -13. Let h(v) be the third derivative of 0*v - 1/12*v**4 + 1/6*v**3 + 0 - l*v**2. Determine h(-2).
5
Let i be 3*26/24 - 1/4. Let w(p) = p**3 - 4*p**2 - p. Determine w(i).
-12
Let k = -7 + 11. Suppose 2*b + k*h - 24 = 0, -4*b = -0*b + 2*h - 18. Let u(v) = 2*v - b + 3 + 7*v**2 - 2*v**2. What is u(-1)?
4
Let i(l) be the second derivative of -l**6/360 - l**4/6 - 14*l. Let y(x) be the third derivative of i(x). What is y(-2)?
4
Let v = 128 + -130. Let i(n) = 10*n - 3. Let g(t) = -3*t + 1. Let x(b) = 7*g(b) + 2*i(b). Determine x(v).
3
Let l(k) = -k + 4. Suppose 4*m + 0*m = -5*j + 236, 64 = j + 5*m. Let q = 38 - j. Give l(q).
10
Let k be (63/56 + 2/(-16))*15. Let n(y) = -7*y - 6*y + k*y - 6*y + 6. Determine n(6).
-18
Let l(h) = h**2 - 12*h + 13. Let n be l(11). Let w(j) = -6*j**2 + 2 - 11*j + j**3 + n*j + 8*j. Determine w(6).
-4
Let p(s) = -s**3 - s**2 + 0 + 2*s + 3*s**2 - 1. Suppose -55 = -o - 4*o. Let l be -4 + o + (-4)/1. Determine p(l).
-4
Suppose -5*k + 3*d - 41 - 24 = 0, 52 = -4*k - 2*d. Let c(t) = t**2 + 10*t - 10. Give c(k).
29
Let y(p) = -p + 1. Let m(w) = 3*w**2 - 2*w. Let a(z) = m(z) + y(z). Let g be (-240)/60*(6/(-3))/4. Calculate a(g).
7
Let c(y) be the third derivative of -7*y**4/24 - y**2 + 196*y. Determine c(1).
-7
Let x(l) = 3*l - 30. Let q be x(11). Suppose 5*y - 4*c = -25, -q*c = -4*y - 19 - 1. Let t(s) = s + 1. Give t(y).
-4
Let k be ((-1)/(-3))/(6/126). Suppose -q + 3*c - 7*c + 25 = 0, 4*c = 5*q - 5. Let n(g) = -q*g - 3*g - 7 + k*g. What is n(-3)?
-4
Suppose -4 = -2*m + 2. Let r(t) = 3*t - 3. Let v(s) = -39*s + 39. Let k be ((-72)/40)/(2/(-30)). Let h(j) = k*r(j) + 2*v(j). Give h(m).
6
Let z(n) be the second derivative of n**7/840 + n**6/180 + n**5/60 + 17*n**3/6 - 43*n. Let l(o) be the second derivative of z(o). Give l(-2).
-4
Suppose -6*f - 3*f = 0. Let s(b) = -6 - 1 + f*b - b - 2. Calculate s(-5).
-4
Let b(c) be the first derivative of 3*c**2/2 + 9*c + 576. Give b(6).
27
Let q(c) be the third derivative of -1/6*c**4 + 0 + 1/60*c**5 + 4*c**2 - c + 1/120*c**6 + 1/6*c**3. What is q(-3)?
-5
Suppose 4*d + 3*z + 11 = 0, -6*d + 2 = -7*d - z. Let s(w) = 2*w + 15. Calculate s(d).
5
Let s = -888 - -891. Let k(q) = 25*q - 1. Determine k(s).
74
Let a(y) = -2*y**2 - 3*y - 2. Let v be a(-2). Let j = 3 - -7. Let d(x) = 7 - j + 8 + 2*x. What is d(v)?
-3
Let t be 0/(1 + -1 + 2). Let a be 1 - (2 - t) - 0. Let y(l) = -l**3 - l. Let b(k) = 12*k**3 + k**2 + 4*k + 1. Let h(f) = -b(f) - 2*y(f). Give h(a).
10
Suppose 5*c = -5*f + 60, -5 = 3*f + 4*c - 46. Let k(g) = 3*g - 1. Give k(f).
20
Let o(r) = 2*r**2 - 3*r + 2. Let s be 14/6 - (-2)/(-6). Let k be o(s). Let h(d) = -1 + d**2 + 11*d - 9*d - k*d. Give h(-1).
2
Let g be (-12)/(-10)*(-30)/(-9). Let u = 8 - g. Let b(v) = -v**3 + 3*v - 3*v + 7*v**2 - u*v**2 + 4*v. Give b(4).
0
Let s(o) be the first derivative of o**6/120 + 2*o**5/15 + o**4/3 - o**3/3 - 3*o**2 + 16. Let r(k) be the second derivative of s(k). Calculate r(-6).
22
Let y(k) be the third derivative of -k**6/120 + k**5/15 + k**4/24 + k**3/6 - 2*k**2 + 28*k. Calculate y(5).
-19
Let g(p) = -28*p**2 - 57*p + 5. Let m(t) = 9*t**2 + 20*t - 2. Let s(a) = 6*g(a) + 17*m(a). Give s(-2).
-60
Let t(g) = -4*g**2 - 13*g - 4. Let s be t(-3). Let m(f) = -f**3 + f. What is m(s)?
0
Let g(n) be the first derivative of n**4/24 + 6*n**2 + 4. Let v(a) be the second derivative of g(a). Give v(2).
2
Let r(k) = 36 - 333*k - 44 - k**2 + 330*k. Give r(-5).
-18
Suppose 8*c + 30 = 3*c. Let n = -12 - c. Let i be -3*(-8)/n + -2. Let r(k) = k**2 + 9*k + 9. Give r(i).
-9
Let r be 91/42 - (22/(-12) + 2). Suppose 5*t - 2*h - 50 = -4*h, 4*h - 4 = r*t